 715231176 a multiple of 2721?
True
Is 804969568 a multiple of 1534?
True
Is 7 a factor of 5093732?
True
Is 1707 a factor of 2105567430?
True
Is 15085395 a multiple of 22?
False
Is 4774 a factor of 80756998?
False
Is 78285 a multiple of 51?
True
Is 251 a factor of 23134401?
False
Does 28 divide 39313103?
False
Does 5 divide 58881650?
True
Is 2397 a factor of 2583743079?
True
Is 305 a factor of 336763601?
False
Is 89800550 a multiple of 721?
True
Is 125 a factor of 114487750?
True
Is 32 a factor of 643683968?
True
Is 64 a factor of 590326009?
False
Is 2575771 a multiple of 2?
False
Is 148599546 a multiple of 6?
True
Is 2697 a factor of 1526729318?
False
Is 404 a factor of 24885400?
False
Does 297 divide 10361736?
True
Is 15 a factor of 13308409?
False
Is 15705444 a multiple of 20?
False
Is 597 a factor of 81751691?
False
Is 13 a factor of 12058000?
False
Is 23122 a multiple of 7?
False
Is 384668831 a multiple of 63?
False
Does 702 divide 56035936?
False
Is 317 a factor of 18596171?
True
Is 46668105 a multiple of 4?
False
Is 8 a factor of 171409816?
True
Does 2 divide 4228572?
True
Is 43932277 a multiple of 175?
False
Does 34 divide 4080126?
False
Does 4 divide 52285384?
True
Is 230 a factor of 67118830?
True
Is 184384938 a multiple of 28?
False
Does 97 divide 32513915?
True
Is 388 a factor of 8732042?
False
Does 33 divide 590524?
False
Is 289 a factor of 212612374?
False
Does 277 divide 68504039?
True
Does 1708 divide 2924185170?
False
Does 1350 divide 108622946?
False
Is 14 a factor of 2858994588?
False
Does 172 divide 220392372?
True
Is 1511 a factor of 223970997?
True
Is 118 a factor of 386800224?
True
Is 932 a factor of 175391216?
True
Is 52226604 a multiple of 12?
True
Does 71 divide 1971505351?
True
Is 10 a factor of 3700581410?
True
Does 205 divide 64477811?
False
Is 585 a factor of 49455492?
False
Is 395 a factor of 242886601?
False
Is 67 a factor of 5232034?
False
Is 100833 a multiple of 652?
False
Is 19404578 a multiple of 15?
False
Is 18 a factor of 17242741?
False
Is 6 a factor of 47716704?
True
Is 190103760 a multiple of 576?
False
Is 6974130 a multiple of 1545?
True
Is 32 a factor of 309131328?
True
Is 2 a factor of 9161993?
False
Is 66401080 a multiple of 944?
False
Is 16500648 a multiple of 271?
True
Is 74198631 a multiple of 3?
True
Is 39656736 a multiple of 24?
True
Is 10 a factor of 69889479?
False
Does 5 divide 1767646?
False
Does 2 divide 6472695?
False
Is 103567807 a multiple of 333?
False
Does 14 divide 2910580946?
True
Is 162801333 a multiple of 304?
False
Does 120 divide 161584920?
True
Is 372200132 a multiple of 53?
True
Is 2802354224 a multiple of 30?
False
Is 58 a factor of 39090608?
True
Does 4792 divide 1914279408?
True
Is 121 a factor of 74675392?
True
Is 306444088 a multiple of 18?
False
Is 3 a factor of 12285460?
False
Is 53 a factor of 1080255944?
False
Is 15 a factor of 6846720?
True
Does 433 divide 32877690?
True
Is 298 a factor of 803975525?
False
Is 972417766 a multiple of 67?
True
Does 251 divide 9325953?
False
Is 5993522 a multiple of 71?
False
Is 33 a factor of 23324413?
False
Is 13018567 a multiple of 658?
False
Is 239 a factor of 60807097?
True
Is 42110187 a multiple of 167?
False
Does 1088 divide 276032128?
True
Is 64 a factor of 42360064?
True
Is 3223640 a multiple of 913?
False
Is 2871791379 a multiple of 5989?
True
Does 755 divide 100205677?
False
Does 55 divide 37926570?
True
Is 73 a factor of 240720493?
True
Is 7 a factor of 2393895966?
True
Is 89954144 a multiple of 32?
True
Is 1260 a factor of 5308380?
True
Does 18 divide 17552582?
False
Is 893 a factor of 28851647?
False
Does 6 divide 48468867?
False
Is 266681324 a multiple of 5044?
True
Does 4 divide 69038529?
False
Is 1233 a factor of 3962612934?
True
Does 1073 divide 54572565?
False
Does 4409 divide 2870543334?
False
Is 376 a factor of 623667440?
True
Is 7701654 a multiple of 54?
False
Does 80 divide 89203886?
False
Is 6797347 a multiple of 485?
False
Is 283505112 a multiple of 72?
True
Is 2 a factor of 8708844?
True
Does 156 divide 610437917?
False
Does 15083 divide 613853406?
False
Is 559833586 a multiple of 7?
False
Is 132 a factor of 1284591132?
True
Is 309466255 a multiple of 1382?
False
Is 58 a factor of 2285241180?
True
Is 2 a factor of 65832508?
True
Is 521095900 a multiple of 85?
True
Is 650 a factor of 91780065?
False
Does 107 divide 72847419?
True
Is 278 a factor of 100171229?
False
Is 96493090 a multiple of 26?
False
Is 51 a factor of 101600860?
False
Is 4789121451 a multiple of 16?
False
Is 323143728 a multiple of 42?
False
Is 1607936 a multiple of 16?
True
Does 64 divide 3245575488?
True
Is 213118831 a multiple of 248?
False
Is 5 a factor of 320059695?
True
Does 10 divide 217559060?
True
Is 54407435 a multiple of 235?
True
Does 10 divide 1717004473?
False
Is 6 a factor of 33833131?
False
Is 70 a factor of 141323840?
True
Is 200 a factor of 36020000?
True
Is 123804381 a multiple of 3?
True
Is 2938496160 a multiple of 16?
True
Is 63102168 a multiple of 36?
True
Does 337 divide 141025?
False
Is 4140565 a multiple of 149?
False
Is 51892175 a multiple of 5?
True
Is 99008364 a multiple of 852?
True
Does 116 divide 3385857499?
False
Does 48 divide 181591030?
False
Is 9 a factor of 159387606?
True
Does 102 divide 19479623?
False
Is 792875605 a multiple of 5?
True
Is 28736487 a multiple of 3081?
True
Is 190121452 a multiple of 15?
False
Is 13505577 a multiple of 69?
True
Is 170 a factor of 324595110?
True
Does 822 divide 960707568?
True
Is 177062688 a multiple of 96?
True
Does 240 divide 538046069?
False
Is 25545813 a multiple of 5?
False
Does 3 divide 12939676?
False
Is 3401 a factor of 56857918?
True
Is 93 a factor of 264363102?
True
Is 33 a factor of 65152329?
True
Does 1261 divide 209187519?
False
Does 13 divide 67378454?
True
Is 44740535 a multiple of 1805?
True
Is 639 a factor of 290331567?
True
Is 1028195064 a multiple of 72?
True
Does 18 divide 2048134121?
False
Does 7 divide 270411589?
True
Is 201 a factor of 3373465480?
False
Is 1382193204 a multiple of 1806?
True
Is 887712444 a multiple of 13?
False
Is 33 a factor of 341581575?
False
Is 64159590 a multiple of 3?
True
Is 2498 a factor of 43632566?
True
Does 82 divide 270721360?
True
Is 21422918 a multiple of 11?
True
Is 80 a factor of 119576240?
True
Is 19 a factor of 138097059?
False
Is 4188803536 a multiple of 152?
True
Does 4 divide 6024324?
True
Is 451220265 a multiple of 72?
False
Is 178 a factor of 720375434?
True
Is 868139342 a multiple of 2392?
False
Is 9 a factor of 442684870?
False
Is 297625020 a multiple of 98?
True
Is 8 a factor of 47796748?
False
Does 4911 divide 15022749?
True
Does 2 divide 14229033?
False
Is 105106814 a multiple of 3?
False
Is 91 a factor of 360923927?
True
Does 6485 divide 133168291?
False
Is 19 a factor of 714873190?
False
Is 1410 a factor of 1295909276?
False
Is 172 a factor of 387755?
False
Does 665 divide 100563960?
True
Is 1277 a factor of 1418979414?
True
Does 4375 divide 285606729?
False
Does 3105 divide 288725116?
False
Is 63872325 a multiple of 985?
True
Is 193605650 a multiple of 7?
True
Is 4876123516 a multiple of 3124?
True
Is 971686858 a multiple of 24?
False
Does 107 divide 1290810122?
True
Does 820 divide 30082333?
False
Is 1705724 a multiple of 94?
True
Is 1386140 a multiple of 5?
True
Is 499693486 a multiple of 79?
True
Is 12166323 a multiple of 39?
True
Is 224 a factor of 48030528?
True
Is 285 a factor of 119118799?
False
Is 15 a factor of 369117235?
False
Is 12057123 a multiple of 13?
True
Does 186 divide 16495464?
False
Does 522 divide 129488886?
True
Does 59 divide 5376474?
False
Is 4314793 a multiple of 7?
True
Is 547758468 a multiple of 2556?
True
Is 2 a factor of 558020?
True
Does 6 divide 186723008?
False
Does 11362 divide 568786779?
False
Does 80 divide 122063680?
True
Is 34 a factor of 1836757?
False
Does 129 divide 203126587?
False
Is 7 a factor of 593031216?
False
Does 402 divide 540522106?
False
Does 189 divide 397758627?
True
Is 74 a factor of 23599131?
False
Does 14 divide 250425936?
False
Is 870905832 a multiple of 516?
True
Is 2903 a factor of 201796239?
True
Is 2 a factor of 59731708?
True
Is 177600270 a multiple of 7017?
True
Does 46 divide 99201668?
True
Is 30 a factor of 2880799895?
False
Does 55 divi